Let y be (1 - -1)*(-5)/2. Let k(s) = -2*s**2 - 7*s - 12. Let j(r) = r**2 + 4*r + 6. Let f(h) = -5*j(h) - 2*k(h). Give f(y).
-1
Let u = -7 + 9. Let q(n) = -n + n + u*n. What is q(1)?
2
Let z(o) = -2*o**2. Let p(v) = v**2 + 16*v + 17. Let w be p(-13). Let t = w - -21. Give z(t).
-2
Let g = 6 + -2. Let o(r) = -2*r**3 + 3*r**2 + 4*r - 2. Let s(t) = t**3 + t**2 - t - 1. Let v(a) = -o(a) - s(a). Determine v(g).
-9
Suppose 5*o = -u + 2*u + 22, -2*u + 1 = -o. Let f(z) = 4*z - z**2 - 2*z - o*z - 3. Determine f(-2).
-1
Let z(n) = n**2 - 2*n + 3. Let g = 8 + -8. Suppose 5*f - 3*f - 4 = g. Give z(f).
3
Let z be 3*((-4)/3 + 2). Let u(y) = -2*y + y**2 - z*y + 4*y**2 + 5*y - 1 - y**3. What is u(5)?
4
Suppose 6*j - j + 5 = 0. Let l(a) = -6*a**2 - 2*a - 4. Let d(n) = 11*n**2 + 4*n + 7. Let o(u) = 3*d(u) + 5*l(u). What is o(j)?
2
Let c(n) be the first derivative of -5 + 3*n + 1/2*n**2. Give c(-6).
-3
Let r(w) = w**2 + 5*w. Suppose 0 = -4*k + 3*f - 30, 0*k - 4*f = k - 2. Calculate r(k).
6
Let c(h) = -3*h**3 - h**2 - 4*h - 1. Let d(v) = -4*v**3 - v**2 - 5*v. Let k(s) = 3*c(s) - 2*d(s). Let n = 125 - 127. Determine k(n).
5
Let o(l) = l**3 + 6*l**2 - 2*l - 8. Suppose 4*q - 12 = 6*q. Calculate o(q).
4
Let l(r) be the second derivative of r**5/20 + r**4/2 + 2*r**3/3 - 3*r**2/2 - r. Let v be ((-2)/3)/(6/(-333)). Let j be (-8)/(-28) - v/7. Determine l(j).
2
Let g be 1*(-1)/((-1)/(-3)). Let o(a) = a + 1. Let b(i) = -2*i**2 - 2*i - i**3 + 3*i**2 - 7*i - 6*i**2 - 7. Let u(m) = -b(m) - 5*o(m). What is u(g)?
8
Let b = 16 - 13. Let q(o) = 0*o**3 + 13 - o**2 + o + o**b - 6. Determine q(0).
7
Let w(c) = -c**3 - c - 2. Suppose -5*b = 9 + 1. Determine w(b).
8
Let o(u) = 9*u + 17. Let q(s) = 4*s + 8. Let i = -57 + 89. Suppose -2*a - 6*r + 22 = -2*r, -4*a + i = 2*r. Let b(t) = a*q(t) - 3*o(t). Determine b(0).
5
Let d(r) = r**2. Let h be d(-2). Let z(b) = -b. Let j(l) = -13 - 2*l - l + 7. Let y(s) = -j(s) + 6*z(s). Give y(h).
-6
Let m(f) = -5*f + 1. Let k(c) = 7*c**2 + c. Let u be k(-1). Let a(l) = -l**3 + 6*l**2 + l - 4. Let p be a(u). Determine m(p).
-9
Let v(b) = 3*b + 1. Let p = 18 - 16. Suppose l - p*l = -2. Calculate v(l).
7
Let s(n) = n + 7. Let z(r) = r + 6. Let j(v) = -4*s(v) + 5*z(v). Let a be ((-1)/4)/((-6)/(-480)*4). Give j(a).
-3
Let h(u) = 10*u + 3. Let f = -47 + 45. Determine h(f).
-17
Let d be 1*(1 + -2)*-4. Let y(q) = 0*q**2 + 2*q**2 - 2 - d*q**2 - 6*q + q**2. Let x = -15 + 11. Determine y(x).
6
Let r(v) = 6*v + v**2 + 23 + 26 - 46. Let b = -18 + 12. Determine r(b).
3
Let l(r) be the first derivative of r**3/3 + r**2 + 3*r - 13. What is l(-2)?
3
Let d(x) = -x**3 + 7*x**2 - 5*x - 1. Let p(i) = 2*i**3 - 14*i**2 + 10*i + 2. Let v(w) = -5*d(w) - 3*p(w). What is v(6)?
5
Let h(t) = t - 5. Let u be -6 + (-404)/(-28) + (-3)/7. Calculate h(u).
3
Let y(f) = -5*f**2 - 26*f - 21. Let m(z) = -z**2 - 5*z - 4. Let d = 4 - 2. Let a(q) = d*y(q) - 11*m(q). Calculate a(-2).
0
Let b(r) = r**2 + 7*r - 13. Let u be b(-9). Suppose 0 = u*c + 15. Let y(a) = a**2 + a - 3. Calculate y(c).
3
Let l(h) be the second derivative of h**3/6 - h**2 - h. Suppose 2*u - 5*i = 19, 4*u - 4*i = 6 + 14. What is l(u)?
0
Let b(h) = h. Let n be b(6). Let i(d) = d - d**2 + 4*d - n*d. Suppose -3*r = 5*f - 7, -3*r + 11 = 3*f - 2*f. What is i(f)?
0
Let s be 3 + 1/((-7)/(42/4)). Let u(l) be the first derivative of -4*l + s*l**2 - 4. Determine u(3).
5
Let h(x) = 2*x**2 + 2*x + 1. Let o be h(-1). Let j be 4/10*(1 - 6). Let p(u) = -33*u + 3. Let q(y) = 11*y - 1. Let l(z) = j*p(z) - 7*q(z). What is l(o)?
-10
Let h(q) = q**2 + 3*q - 10. Let m(a) = -a**2 - 2*a + 9. Let p(g) = -6*h(g) - 7*m(g). Calculate p(4).
-3
Let x(l) = -l**3 - 3*l**2 - 2*l - 3. Let v be x(-3). Let k(y) = -6*y + v*y - y. Suppose -f = -0*f + 2. Calculate k(f).
8
Suppose n - 4*j = -8, -5*n + 6*j + 11 = 3*j. Let m(d) = 3*d + 2. Let x(y) = -4*y - 2. Let b(f) = 3*m(f) + 2*x(f). What is b(n)?
6
Let l(p) be the first derivative of p**4/4 - 3*p**3 + 7*p**2/2 + 11*p - 53. Determine l(8).
3
Let r(t) = 14*t - 24. Let y(n) be the first derivative of 5*n**2/2 - 8*n + 1. Let b(j) = 4*r(j) - 11*y(j). Let w = -3 - -8. What is b(w)?
-3
Let i(u) = -u - 7. Let d be 36/(-8) + (-2)/4. Let p be i(d). Let r(o) = o**3 + 2*o**2 + 2*o - 2. Determine r(p).
-6
Suppose 0 = 2*y + y. Suppose 0*w - 3*w = -21. Let l(x) = x + 2*x - 2*x - w. Give l(y).
-7
Suppose -4*d + 2 = -d + c, -2*d = -2*c + 4. Suppose 6 = -d*f - 2*f. Let z be (-4)/(-6) + 11/f. Let v(s) = -2*s**2 - 3*s - 2. What is v(z)?
-11
Let j(z) = z**2 - 13*z + 16. Suppose -47 = -2*p - 5*a, -3*p + 4*a + 0*a + 13 = 0. Let q be j(p). Let m(y) = y - y**2 + 1 - y - 5*y. What is m(q)?
-5
Let a(l) be the third derivative of -l**4/24 - 5*l**3/3 - 14*l**2. Give a(-9).
-1
Let y(m) = -5*m - 6. Let d be (18 - 19)/(1/5). Calculate y(d).
19
Let z = 4 + -1. Suppose 20 = -5*h - 3*s, -2*h = 2*h + 5*s + 16. Let a = h + z. Let i(m) = 2*m**3 + m + 1. Calculate i(a).
-2
Let v = -95 + 94. Let c(f) = -26*f**3 - f**2. Give c(v).
25
Suppose -3*m = 5*h + 21, 0*h + 2*m - 5 = 3*h. Let k(z) = -4*z + 4. Let w(p) = -5*p + 4. Let g(n) = h*k(n) + 2*w(n). What is g(5)?
6
Suppose 0 = -7*j + 16 - 2. Let s(x) be the third derivative of x**5/30 - x**4/24 - x**3/3 - x**2. Calculate s(j).
4
Let t(h) = 2*h**2 + 5*h - 4. Let p(y) = -y**2 - 2*y + 2. Let m(r) = 13*p(r) + 6*t(r). Let d be -1 - (-5 + 0 + -1). What is m(d)?
-3
Let j(k) = 3*k + 9. Let u be j(-4). Let r(b) = b**3 + b**2 - 4*b. What is r(u)?
-6
Suppose 35 = 16*o - 21*o. Let f(t) = -t - 8. What is f(o)?
-1
Let i be -2*(3 + (-7)/2). Let q be (-1 + i)*(-4)/(-12). Let p be -4 - q*(-1)/3. Let n(d) = d**3 + 5*d**2 + 2*d. Give n(p).
8
Let q(a) = 0*a + 3 - 1 + 3*a - a**2. Let x = 2 + 1. Give q(x).
2
Let q(z) = z**2 - 6*z + 3. Let d be q(6). Let s(c) = 4 + 0 + d*c - 3 - c**2. Let a be s(3). Let y(o) = -7*o + 1. Give y(a).
-6
Let n(v) = v**3 + 5*v**2 + v + 6. Suppose -6*o = -o - 150. Suppose -y = -6*y - o. Let a(x) = -x**3 - 7*x**2 - 4*x + 7. Let c be a(y). What is n(c)?
1
Let t(x) = 4 - 5 - 9*x + 6*x - 4*x**2. Calculate t(-2).
-11
Let m(b) = 3*b**2 - 3*b + 3. Let o be (1/(-2))/(17/(-68)). Give m(o).
9
Let c = -17 - -10. Let l(s) = 4*s**2 - 2*s**2 + 4 - 3*s**2 - 6*s + 0. Determine l(c).
-3
Let b = 2 - 0. Suppose -2*y = -6 - 0. Let f(g) = 4*g + 0*g**2 + g**b + y + 0. Give f(-2).
-1
Let a be -7*(-1)/2*2. Let u(c) = -4*c**3 - 3*c**2 + 3*c - 1. Let r(w) = -8*w**3 - 7*w**2 + 7*w - 2. Let s(q) = a*u(q) - 3*r(q). Calculate s(1).
-5
Suppose 3*s - 6 = -o, 3*o + 0*s - 4*s = 57. Let d be 18/o*(7 - 2). Let t(v) = -3*v**2 + d + 6*v**2 - 3 - 4*v. Determine t(2).
7
Let s(c) = c**3 + c - 1. Let o(d) = 7*d**3 - 6*d**2 + 10*d - 1. Let x(z) = -o(z) + 6*s(z). Suppose g + 3*g - 16 = 0. What is x(g)?
11
Let q(m) = -m**3 + m**2 - m - 2. Let k(z) = -2*z**3 + 2*z**2 - 3*z - 6. Let r(a) = -3*k(a) + 8*q(a). Give r(2).
-4
Let g(a) = 7*a**2 - 6*a**2 - 2*a - 1 + 3*a + 0*a**2. Give g(-3).
5
Let q(n) be the third derivative of -n**5/60 + n**3/3 - 19*n**2. Give q(-3).
-7
Let b be ((-3)/(-3))/1*3. Suppose -b*z = -z + 4. Let j(u) = -2*u**3 - 3*u**2 - 2*u - 3. Let c be j(z). Let k(v) = v**3 - 6*v**2 + 5*v + 5. Determine k(c).
5
Let k(y) = -y**2 - 6*y - 4. Let r(m) = m**2 + 11*m + 8. Let v(c) = -5*k(c) - 3*r(c). What is v(4)?
16
Let s(l) = 4*l - 1. Let k = 7 + 3. Let b = 11 - k. Give s(b).
3
Suppose 5*o = -2*l + 48, -o + 14 = -3*l - l. Let k be 5*2/4*o. Suppose 3*g = -2*g - k. Let i(w) = w**2 + 4*w + 5. Calculate i(g).
10
Suppose -4*g = 4*j, 0*g + 2*j = g + 9. Let v(h) = -2*h - 2. What is v(g)?
4
Let k(w) = 5*w + 39. Let q(y) = 2*y + 20. Let z(n) = -3*k(n) + 5*q(n). Let x(g) = 2*g + 8. Let b(l) = -7*x(l) - 3*z(l). Suppose 3*a - 16 = -4. Give b(a).
-1
Let l(z) = 2*z + 6. Let s = 36 + -41. What is l(s)?
-4
Let s(m) = m**3 + 6*m**2 + m + 2. Let p = -118 - -112. Calculate s(p).
-4
Let j(m) be the second derivative of -m**4/24 - m**3/6 + 3*m**2/2 - m. Let h(w) be the first derivative of j(w). Let s = 5 + -8. Calculate h(s).
2
Let l(g) be the second derivative of -3*g + 1/20*g**5 + 0 - 7/6*g**3 - 5/12*g**4 + g**2. Calculate l(6).
-4
Let m be 1*-1 + (-14 - -17). Let c(g) = -2*g**3 + 3*g**2 - g. Determine c(m).
-6
Let g(s) be the third derivative of s**4/3 - s**3/2 - 9*s**2. Calculate g(2).
13
Let d(s) = s**3 - 6*s**2 + 4*s + 7. Let v(b) = -3*b - 6. Let p 